 the units digit of r?
2
Let c = 50875 - 11056. What is the tens digit of c?
1
Let o be 30/12*-6*4/(-15). Suppose -o*c + 3*p = -91, 0 = 4*c - 0*c - 2*p - 90. What is the units digit of c?
2
Let s = -138 - -140. Let b(a) = -a**3 + 157 + 2*a**2 - s*a + 130 + 4*a. What is the tens digit of b(0)?
8
Let w = 11106 - -351. What is the ten thousands digit of w?
1
Let s(g) = -18*g + 164. Let i be s(9). What is the units digit of (4 + -12 + 9)*602/i?
1
Let h be ((-2280)/140)/((-1)/21). Let c be (15/10)/((-9)/(-12)). Suppose 4*v = -c*v + h. What is the tens digit of v?
5
Suppose -5*p + 5165 + 225863 = -v, 5*v + 15 = 0. What is the ten thousands digit of p?
4
Let k(m) = m**3 - 3*m - 3. Let z be k(-2). Let u(s) = -44*s - 14. What is the hundreds digit of u(z)?
2
Suppose -17048 = -107*z + 105*z. What is the tens digit of z?
2
Let l be 8 - 1 - (20 - 12). Let i(d) = -1255*d + 7. What is the tens digit of i(l)?
6
Let l = 30555 - 8936. Suppose 4*o + 9*o - l = 0. What is the units digit of o?
3
Let y be -2*(2 + (-14)/6)*-3. Let i(z) = -54*z - 4. Let f be i(y). Suppose -2*x - 4*s = -s - 213, x - f = s. What is the tens digit of x?
0
Suppose -q + 10 = -15. Let r be (-143)/(-8) - -1*10/80. Let h = q + r. What is the tens digit of h?
4
Let y = -39 + 25. What is the tens digit of (-4464)/(-10) + y/35?
4
Let r = 42515 + -23317. What is the hundreds digit of r?
1
Let v be 2/(15/6 + -2). Suppose -v = -6*y + 3548. What is the tens digit of y?
9
Let v(z) = z - 1. Let c(o) = -28*o + 1. Let a(p) = -c(p) - 2*v(p). Let t be a(-6). Let j = 294 + t. What is the hundreds digit of j?
1
Suppose -4*v = -24946 + 4014. What is the tens digit of v?
3
Let k(l) = 7*l - 49. Let y be k(13). Suppose -2880 = 36*d - y*d. What is the hundreds digit of d?
4
What is the tens digit of 82631/9 + 2/(-180)*20?
8
Let s = 564 - 564. Suppose s = 155*z - 161*z + 2052. What is the units digit of z?
2
Suppose -4*h = 5*q + 36, -4*q + 5*h - 14 = 23. What is the tens digit of 22/q*-202*2?
1
Suppose -3*b = -4*g + 11, -5*b + 38 = 4*g + 3. Suppose 14 = -2*f + f + 2*u, -4*f - g*u - 17 = 0. What is the units digit of (f/(-42) - (-6)/42)*18?
6
Suppose 18*v - 66*v + 5437936 = 64*v. What is the units digit of v?
3
Suppose -51 = -14*g + 75. Let u(d) = 12*d**2 - 10*d. What is the hundreds digit of u(g)?
8
Let y = 49 + -55. Let w be (-20)/y - 3 - 5/(-3). Let d = 17 - w. What is the units digit of d?
5
Suppose 3*r + 0 = 5*p + 23, 21 = -5*p + r. Let q be p/5*(-6 + 3/3). Suppose 18 = -q*d + 674. What is the hundreds digit of d?
1
Let i(f) = 3788*f + 324. What is the ten thousands digit of i(8)?
3
Suppose 5*r + 5*c - 2*c = 26, 4*r - 3*c = 37. Let j be (-2)/r + 0 + 926/7. What is the hundreds digit of j + 1 - (4 + 0 + -1)?
1
Let m be (-2)/(-21) - 985/21*-1. Suppose 0 = -5*s + 633 + m. What is the tens digit of s?
3
Suppose 2*a - 3*x - 17108 = 0, 31*x = -a + 32*x + 8557. What is the hundreds digit of a?
5
Let b(f) = 144*f**2 + 38*f - 31. What is the tens digit of b(8)?
8
Let s(g) = g**3 + 14*g**2 - 3. Let z be s(-14). Let f be z/(-6) - (-3)/6. Let r(q) = 40*q**3 - 3*q**2 + q + 1. What is the tens digit of r(f)?
3
Let y = -1258 - -1261. Suppose 2*g = -3*g. Suppose -4*r + q = -y*r - 157, -3*r + 2*q + 467 = g. What is the tens digit of r?
5
Let z(i) = -2*i**2 + 4*i. Let g be z(2). Suppose g = -5*j - 5*a + 760, -3*j - 2*j + 766 = -a. What is the tens digit of j?
5
Let o = -1590 - -1594. Suppose 4*y - i = 13, y - 2*i + i - 7 = 0. Suppose -292 - 240 = -2*d - y*k, 4*d - o*k - 1088 = 0. What is the tens digit of d?
6
Suppose 111*p + 3*t = 109*p + 3993, 4*p - 4*t - 7936 = 0. What is the units digit of p?
9
Let p = 12 - 9. Suppose -2*d = -5*k + 4, 6*d - k - 7 = p*d. What is the units digit of 2 + d/(-2) - (-290)/4?
3
Suppose l - 115*k + 110*k - 764 = 0, -5*l + 5*k + 3920 = 0. What is the tens digit of l?
8
Suppose -b = 2*d + 42722, -2*b + 25829 = -2*d - 16887. What is the hundreds digit of (4/10)/((-16)/d)?
5
Let u = -204 + 204. Suppose u = -8*l + 10*l - 698. What is the tens digit of l?
4
Let t(o) = -32*o**3 + 7*o**2 + 5*o. Let z be t(-4). Let x = z + -1379. What is the hundreds digit of x?
7
Suppose 6*j + 100 = 10*j. Suppose 0 = j*g - 20*g - 30. Suppose -n - g*n = -546. What is the tens digit of n?
7
What is the units digit of ((-3)/(-7) - (-352)/616) + 208400/5?
1
Suppose -3*q + h + 2 = 0, 0 = -4*q + 4*h - 2*h. Let t = -409 + 412. What is the units digit of (-49)/t*(-5 + q)?
9
Suppose 64480 + 99309 = 22*j + 25937. What is the tens digit of j?
6
Let y = -6922 - -12098. What is the hundreds digit of y?
1
Let r(i) = 2*i**2 + 17*i - 2. Suppose 0 = -10*c + 4*c + 12. Suppose 112 = -c*d - 6*d. What is the tens digit of r(d)?
5
Suppose -21 + 10 = -m. Suppose 40*x = m*x + 2581. What is the tens digit of x?
8
Let a(g) = 478*g**2 + 20*g - 103. What is the units digit of a(-6)?
5
Let y(b) = -5*b - 18. Let j be y(-6). Suppose 0 = 7*d - j + 47. Let x(g) = g**3 + 5*g**2 - 12*g - 2. What is the units digit of x(d)?
8
Let c(m) = -3*m + 2 - 2*m + 2*m + 6*m - 6*m**2. Let l be c(-1). Let o(d) = 2*d + 34. What is the tens digit of o(l)?
2
Let u = -27 + -21. Let n = u - -73. Let s = -19 + n. What is the units digit of s?
6
What is the ten thousands digit of -19 - -17 - -73453 - 5*-1?
7
Let b = -9668 + 17188. What is the tens digit of b?
2
Let c(n) = -412*n - 3864. What is the ten thousands digit of c(-74)?
2
Let o = -38 + 40. Suppose -13*a = -3*d - 9*a + 1940, 0 = o*a - 2. What is the tens digit of d?
4
Suppose -2*g + 655 + 487 = 0. Suppose 0 = -5*a + g + 149. Suppose -2*u = -5*u + a. What is the units digit of u?
8
Suppose 4*c + 31*a - 24352 = 27*a, c = 2*a + 6094. What is the hundreds digit of c?
0
What is the ten thousands digit of -17 + (-1392)/(-80) - -59018*1/5?
1
Let y = -272 + 277. Suppose -y*f = -6*a + 5*a + 653, -2*a + 1293 = 3*f. What is the tens digit of a?
4
Let y(f) = -f**2 + 7*f - 7. Let v be y(4). Suppose i - 6 = v*q + 9, 5*q = 0. What is the tens digit of (-246)/(i/(-5))*1?
8
Suppose 0 = 2*m + 3 + 3, -5*h + m = -18. Suppose 2216 = i + h*i. Let c = -387 + i. What is the units digit of c?
7
Let g(h) = -2*h - h + 3*h**2 + 80 - 10*h. What is the units digit of g(8)?
8
What is the units digit of 11577 - (23 + (-160)/10)?
0
Suppose -669*h - 677*h + 186246 = -1337*h. What is the ten thousands digit of h?
2
Let s = 90 + -81. Suppose k - 21 = -4*q, q + 12 = 5*k - s. Suppose q*a = 169 + 531. What is the hundreds digit of a?
1
Let l = -77 + 107. Let f be (42/9)/(20/l). What is the units digit of (-3000)/(-14) - 2/f?
4
Suppose v - 340*s = -345*s + 32528, 0 = -2*v + 4*s + 65098. What is the ten thousands digit of v?
3
Let f(b) = -49*b - 1456. What is the units digit of f(-33)?
1
Let y be 0/(-2) - (-20)/2. Suppose -3*d + b = -5*d + 243, 0 = 5*d + 4*b - 603. Suppose -y*v - d = -13*v. What is the tens digit of v?
4
Let y be (-2)/(-4)*(-24 + 32). What is the tens digit of -2 + 455 - (y + -1)?
5
What is the units digit of (66636 - -15)/13 - -11?
8
What is the tens digit of (-1608)/8844 + (-1011366)/(-22)?
7
Let x = -19050 + 45161. What is the thousands digit of x?
6
Let z = -198 - 276. Let d = -104 - z. What is the units digit of d?
0
Suppose 3*n - 118608 = -4*a, -3*n + 62103 = -3*a - 56484. What is the tens digit of n?
3
Let j(k) = -4*k**2 + k**3 - 11 + 4*k + 5*k - 4*k. Let v be 11/3*2499/1309. What is the hundreds digit of j(v)?
1
Suppose 1544*b = 1575*b - 2302742. What is the thousands digit of b?
4
Suppose 0 = 3*w + 11*k - 57253, -4*k = 47*w - 45*w - 38182. What is the thousands digit of w?
9
Let d(q) = 440*q + 2062. What is the tens digit of d(13)?
8
Let o(s) = -12*s - 14. Let r be o(-10). Suppose -2*h + 5*q = -35, 3*h = -h - 2*q + r. Suppose h = -5*n - 0*n, 3*w + 2*n = 116. What is the tens digit of w?
4
Suppose 4*l + 5*u - 15890 = 58771, 2*l = -5*u + 37343. What is the hundreds digit of l?
6
Let x = 142 - -38. What is the units digit of 2/(-9) - (-40900)/x?
7
Let h(d) = 9*d - 6. Suppose -6 = 10*z - 16. Suppose 0 = r - 7 + z. What is the units digit of h(r)?
8
Suppose 15*i - 4*i = 539. Suppose -17 = -50*p + i*p. What is the tens digit of p?
1
Let d = -558 + 224. Let y = d + 519. What is the hundreds digit of y?
1
Suppose 0 = -5*k + 268 + 122. Let y(l) = -l**2 - 21*l + 38. Let f be y(-21). Let j = k + f. What is the tens digit of j?
1
Suppose 